f 12549?
9
What is the units digit of 318?
8
What is the units digit of 912?
2
What is the units digit of 76490?
0
What is the ten thousands digit of 27735?
2
What is the ten thousands digit of 24511?
2
What is the hundred thousands digit of 102602?
1
What is the tens digit of 15286?
8
What is the hundreds digit of 6527?
5
What is the units digit of 3673?
3
What is the ten thousands digit of 30551?
3
What is the tens digit of 1414?
1
What is the thousands digit of 53154?
3
What is the ten thousands digit of 10221?
1
What is the tens digit of 1567?
6
What is the tens digit of 1164?
6
What is the thousands digit of 1754?
1
What is the tens digit of 5140?
4
What is the units digit of 1915?
5
What is the tens digit of 1999?
9
What is the hundreds digit of 89559?
5
What is the hundreds digit of 277?
2
What is the hundreds digit of 6348?
3
What is the tens digit of 1854?
5
What is the units digit of 5030?
0
What is the thousands digit of 136981?
6
What is the thousands digit of 93205?
3
What is the hundreds digit of 1277?
2
What is the tens digit of 69?
6
What is the ten thousands digit of 24988?
2
What is the units digit of 770?
0
What is the hundreds digit of 3995?
9
What is the hundreds digit of 367?
3
What is the thousands digit of 3787?
3
What is the units digit of 2722?
2
What is the hundreds digit of 2132?
1
What is the thousands digit of 32260?
2
What is the ten thousands digit of 39934?
3
What is the units digit of 654?
4
What is the units digit of 162615?
5
What is the thousands digit of 107865?
7
What is the hundreds digit of 6966?
9
What is the ten thousands digit of 71676?
7
What is the tens digit of 32878?
7
What is the units digit of 570?
0
What is the thousands digit of 4726?
4
What is the tens digit of 5132?
3
What is the ten thousands digit of 18750?
1
What is the units digit of 507?
7
What is the thousands digit of 6642?
6
What is the units digit of 67131?
1
What is the tens digit of 23421?
2
What is the hundreds digit of 4561?
5
What is the tens digit of 29082?
8
What is the units digit of 2021?
1
What is the tens digit of 4773?
7
What is the units digit of 1705?
5
What is the units digit of 6187?
7
What is the units digit of 96?
6
What is the units digit of 8897?
7
What is the thousands digit of 14538?
4
What is the thousands digit of 4060?
4
What is the hundreds digit of 988?
9
What is the tens digit of 826?
2
What is the hundreds digit of 4509?
5
What is the hundreds digit of 47741?
7
What is the hundreds digit of 23347?
3
What is the units digit of 157?
7
What is the tens digit of 277?
7
What is the thousands digit of 2417?
2
What is the hundreds digit of 89682?
6
What is the ten thousands digit of 13643?
1
What is the units digit of 171287?
7
What is the ten thousands digit of 64751?
6
What is the units digit of 11882?
2
What is the hundreds digit of 33671?
6
What is the thousands digit of 8053?
8
What is the tens digit of 5508?
0
What is the tens digit of 846?
4
What is the thousands digit of 17795?
7
What is the thousands digit of 3741?
3
What is the hundreds digit of 8461?
4
What is the thousands digit of 1310?
1
What is the units digit of 135955?
5
What is the tens digit of 3532?
3
What is the hundreds digit of 1841?
8
What is the tens digit of 9079?
7
What is the hundreds digit of 30135?
1
What is the hundreds digit of 148023?
0
What is the units digit of 47295?
5
What is the tens digit of 14591?
9
What is the tens digit of 580?
8
What is the hundreds digit of 43147?
1
What is the ten thousands digit of 29886?
2
What is the tens digit of 365?
6
What is the tens digit of 459?
5
What is the units digit of 602?
2
What is the thousands digit of 4321?
4
What is the hundreds digit of 36506?
5
What is the units digit of 3850?
0
What is the thousands digit of 7433?
7
What is the hundreds digit of 5478?
4
What is the thousands digit of 1520?
1
What is the tens digit of 13336?
3
What is the hundreds digit of 3180?
1
What is the units digit of 8888?
8
What is the tens digit of 123265?
6
What is the ten thousands digit of 36571?
3
What is the units digit of 90?
0
What is the tens digit of 18640?
4
What is the units digit of 1053?
3
What is the hundreds digit of 447?
4
What is the units digit of 4198?
8
What is the hundreds digit of 4288?
2
What is the units digit of 1966?
6
What is the units digit of 205?
5
What is the units digit of 6393?
3
What is the thousands digit of 18383?
8
What is the tens digit of 4445?
4
What is the hundreds digit of 481?
4
What is the ten thousands digit of 51728?
5
What is the thousands digit of 1754?
1
What is the hundreds digit of 493?
4
What is the hundreds digit of 11391?
3
What is the tens digit of 36358?
5
What is the tens digit of 1664?
6
What is the units digit of 808?
8
What is the tens digit of 8785?
8
What is the thousands digit of 36787?
6
What is the tens digit of 1328?
2
What is the hundreds digit of 867?
8
What is the tens digit of 3200?
0
What is the hundreds digit of 5988?
9
What is the tens digit of 45967?
6
What is the units digit of 9019?
9
What is the thousands digit of 2932?
2
What is the thousands digit of 1217?
1
What is the hundreds digit of 42547?
5
What is the units digit of 4743?
3
What is the tens digit of 9320?
2
What is the hundreds digit of 1395?
3
What is the tens digit of 16934?
3
What is the tens digit of 450?
5
What is the thousands digit of 18760?
8
What is the hundreds digit of 10054?
0
What is the thousands digit of 27795?
7
What is the thousands digit of 45888?
5
What is the hundreds digit of 540?
5
What is the ten thousands digit of 22469?
2
What is the thousands digit of 2090?
2
What is the units digit of 2756?
6
What is the hundreds digit of 38553?
5
What is the tens digit of 2105?
0
What is the hundreds digit of 8114?
1
What is the hundreds digit of 3376?
3
What is the units digit of 218?
8
What is the thousands digit of 61691?
1
What is the thousands digit of 82117?
2
What is the thousands digit of 2710?
2
What is the units digit of 1940?
0
What is the units digit of 244?
4
What is the units digit of 196?
6
What is the thousands digit of 2856?
2
What is the thousands digit of 10355?
0
What is the thousands digit of 16260?
6
What is the thousands digit of 6255?
6
What is the hundreds digit of 16513?
5
What is the tens digit of 879?
7
What is the hundreds digit of 9630?
6
What is the thousands digit of 122474?
2
What is the hundreds digit of 4539?
5
What is the thousands digit of 8525?
8
What is the units digit of 671?
1
What is the units digit of 3314?
4
What is the tens digit of 4051?
5
What is the tens digit of 193?
9
What is the thousands digit of 3110?
3
What is the tens digit of 1006?
0
What is the hundreds digit of 33230?
2
What is the units digit of 889?
9
What is the thousands digit of 14685?
4
What is the tens digit of 4871?
7
What is the hundreds digit of 449?
4
What is the thousands digit of 74042?
4
What is the hundreds digit of 76916?
9
What is the ten thousands digit of 101612?
0
What is the units digit of 819?
9
What is the units digit of 5137?
7
What is the tens digit of 12281?
8
What is the units digit of 13250?
0
What is the units digit of 1483?
3
What is the tens digit of 1807?
0
What is the tens digit of 27217?
1
What is the thousands digit of 60885?
0
What is the tens digit of 5903?
0
What is the thousands digit of 25064?
5
What is the tens digit of 16829?
2
What is the hundreds digit of 21839?
8
What is the units digit of 1106?
6
What is the tens digit of 1944?
4
What is the hundreds digit of 69322?
3
What is the ten thousands digit of 17488?
1
What is the thousands digit of 1609?
1
What is the units digit of 489?
9
What is the hundreds digit of 147300?
3
What is the thousands digit of 111743?
1
What is the units digit of 59?
9
What is the thousands digit of 1706?
1
What is the hundreds digit of 2024?
0
What is the tens digit of 65135?
3
What is the tens digit of 7631?
3
What is the tens digit of 922?
2
What is the thousands digit of 2348?
2
What is the thousands digit of 44908?
4
What is the units digit of 13728?
8
What is the units digit of 23409?
9
What is the thousands digit of 1367?
1
What is the thousands digit of 25609?
5
What is the thousands digit of 1323?
1
What is the units digit of 55226?
6
What is the thousands digit of 